 -12010?
1021121120
In base 14, what is 1 - 2245d9cb?
-2245d9ca
In base 8, what is -774 - 31420?
-32414
In base 6, what is 41 + 44542034?
44542115
In base 8, what is -13230240 + -135?
-13230375
In base 7, what is -111 - -3353641?
3353530
In base 3, what is -1 - -21002120212221?
21002120212220
In base 14, what is 28 - 169a7?
-1697d
In base 13, what is 15a + -40c12?
-40a85
In base 13, what is -1a4081 + -194?
-1a4245
In base 2, what is -110 + -10010101100110000?
-10010101100110110
In base 2, what is -1001100111101001100110110 + -100?
-1001100111101001100111010
In base 15, what is 0 - 1393759?
-1393759
In base 4, what is 111221310201 - -32?
111221310233
In base 15, what is -129a + -20b0?
-335a
In base 4, what is -303021 + 113113203?
112210122
In base 2, what is -1010111101010100100110010 - 1?
-1010111101010100100110011
In base 11, what is 19a8 + -11a1?
807
In base 2, what is 10010000101011011 - 11110100?
10010000001100111
In base 11, what is 1065558a + 2?
10655591
In base 13, what is 2510 + -61c?
1bc1
In base 11, what is 53 + 251226?
251279
In base 9, what is 66 - -1365658?
1365735
In base 12, what is -29 + -8bb20?
-8bb49
In base 16, what is 15e9 - -dca7?
f290
In base 7, what is 3046051 - 444?
3045304
In base 6, what is -42414 - 21005?
-103423
In base 2, what is 1011 + -100111011001000111?
-100111011000111100
In base 10, what is -92 - 451645?
-451737
In base 10, what is 44 + 2998339?
2998383
In base 12, what is -1 - -243a5086?
243a5085
In base 2, what is 1110010110011 + 1011010000100?
11001100110111
In base 7, what is 24441003 + -55?
24440615
In base 4, what is -2 - -200122231123?
200122231121
In base 7, what is 11 - -23522153?
23522164
In base 13, what is bb + 9387?
9475
In base 15, what is 4e + -4554?
-4505
In base 16, what is 1d1abd - 4?
1d1ab9
In base 7, what is 2224063 + 260?
2224353
In base 12, what is -428103 - -b?
-4280b4
In base 5, what is 2211240 + 144312?
2411102
In base 9, what is -36076417 - -5?
-36076412
In base 4, what is -3 - 10133212033?
-10133212102
In base 10, what is -8272 + -20034?
-28306
In base 7, what is 1161220 - 134?
1161053
In base 12, what is -27a2284 + -4?
-27a2288
In base 7, what is -16322464 + -33?
-16322530
In base 10, what is -33446 - -1632?
-31814
In base 4, what is -100003331 - -320?
-100003011
In base 2, what is 11110111011011111000010 + -1?
11110111011011111000001
In base 9, what is 13423 + -146240?
-132716
In base 4, what is -12101 + -110232333?
-110311100
In base 14, what is a37b + -33a2?
6db9
In base 8, what is -405 - 444243?
-444650
In base 11, what is 2 - -591738?
59173a
In base 13, what is -3530770 + 10?
-3530760
In base 5, what is -10102013040 + 10?
-10102013030
In base 16, what is -23061 - 39?
-2309a
In base 13, what is 3 + 68835?
68838
In base 4, what is -3332122 - 3233031?
-13231213
In base 4, what is 21003 - 1220003233?
-1213322230
In base 16, what is -33c + 303a8?
3006c
In base 10, what is 3 - -866282?
866285
In base 9, what is 3332344 + -13?
3332331
In base 15, what is -5 + -358dcd?
-358dd3
In base 4, what is -131 - 2321012122?
-2321012313
In base 12, what is 110a4 + -90b?
10395
In base 3, what is -101101100 + 10102211101?
10001110001
In base 12, what is 26 - 677381?
-677357
In base 16, what is -3dea3 - -b2?
-3ddf1
In base 9, what is 3 - -105106208?
105106212
In base 12, what is 149ba7 + -12a2?
148905
In base 13, what is -83 + 19b13b?
19b088
In base 4, what is 1000100011213 - -1?
1000100011220
In base 5, what is 0 + 443314301?
443314301
In base 9, what is 38524 + 148?
38673
In base 6, what is 24254 - -23242?
51540
In base 10, what is -752646 - 34?
-752680
In base 2, what is -1010 + 111010000100010101010?
111010000100010100000
In base 13, what is 0 + 2655212a?
2655212a
In base 11, what is -3 - -1a09416?
1a09413
In base 9, what is -76164552 - -2?
-76164550
In base 6, what is -502203 - -241?
-501522
In base 15, what is 0 - 1be848?
-1be848
In base 8, what is 14253 + 2777?
17252
In base 3, what is 20011221020222 - 210?
20011221020012
In base 15, what is 6e - -304e3d?
304eac
In base 14, what is -41236 + 276?
-40da0
In base 13, what is 0 + -31b70310?
-31b70310
In base 12, what is 11aa9 - 505?
115a4
In base 3, what is 10100 + 100201122102?
100201202202
In base 12, what is -1 + -302b0ab?
-302b0b0
In base 13, what is 1166bb - c?
1166ac
In base 8, what is -411 - 6116?
-6527
In base 11, what is 59026 - 199?
58938
In base 16, what is 747e - -169?
75e7
In base 6, what is 2014222 - -1132?
2015354
In base 12, what is b8586 + -b?
b8577
In base 12, what is 5 - -3152895?
315289a
In base 14, what is -8 - -17ac63?
17ac59
In base 5, what is -1232121 + 4144?
-1222422
In base 5, what is 2324343310 - -131?
2324343441
In base 4, what is -101221321011 + -3?
-101221321020
In base 9, what is -517448721 + -1?
-517448722
In base 2, what is 1000011 - -11011011001011111001?
11011011001100111100
In base 11, what is 17 - -20847a?
208496
In base 2, what is -100010 - 100010000001100001101?
-100010000001100101111
In base 3, what is -2 + 110221220000110?
110221220000101
In base 14, what is 1 - -10049b?
10049c
In base 5, what is -133012 - 1030410?
-1213422
In base 7, what is 60202 - 46635?
10234
In base 13, what is a710 + 3137?
10847
In base 12, what is 5 + 2558a58?
2558a61
In base 6, what is -100053 + 535?
-55114
In base 12, what is -429921 - -3?
-42991a
In base 5, what is -3021440 - 141334?
-3213324
In base 16, what is 18eb148d + 5?
18eb1492
In base 7, what is 1521211332 - 1?
1521211331
In base 2, what is -11000001 - 1010010110101111?
-1010011001110000
In base 5, what is -10 - 103420044020?
-103420044030
In base 3, what is -22121001101221 - -11?
-22121001101210
In base 15, what is -825 - -1c50?
142a
In base 13, what is -25622 - -14?
-2560b
In base 5, what is 20222210320 + 3?
20222210323
In base 14, what is 1c - -23bdb9?
23bdd7
In base 14, what is -480 + 96dd2?
96952
In base 6, what is -204 + 1102540?
1102332
In base 5, what is 3132100141 + -40?
3132100101
In base 5, what is -32000 - -240332?
203332
In base 7, what is 246 + -646332?
-646053
In base 8, what is 71203 - -22345?
113550
In base 9, what is 2830 + -44703?
-41763
In base 8, what is 3 + -5161715?
-5161712
In base 13, what is 58967 + -1b2?
58785
In base 16, what is 22 + -62f82?
-62f60
In base 13, what is 120b - 11090?
-cb82
In base 4, what is 11232210 - -1110012?
13002222
In base 15, what is 1ead05bd - -3?
1ead05c1
In base 10, what is -2 + 3186180?
3186178
In base 15, what is c09 + -183?
a76
In base 3, what is 10 + 212200102001222?
212200102002002
In base 13, what is 532 + ca032?
ca564
In base 16, what is 2c + -11b58?
-11b2c
In base 14, what is 3b9 - -5d66?
6341
In base 16, what is -29 + -cfa10?
-cfa39
In base 11, what is 3212850 + -3?
3212848
In base 16, what is 0 - ad9823?
-ad9823
In base 13, what is 4 + -595779?
-595775
In base 7, what is 0 - 530416661?
-530416661
In base 8, what is -76 + -70732?
-71030
In base 7, what is 1553561 - -10?
1553601
In base 2, what is 101001001110110000000010 - 0?
101001001110110000000010
In base 9, what is 241357026 + -3?
241357023
In base 2, what is 10010 - -11111011011111111001001?
11111011011111111011011
In base 3, what is 1111102010 - -221?
1111110001
In base 11, what is -74498a5 - -25?
-7449880
In base 4, what is 21100 + 203013310?
203101010
In base 15, what is -14b2 + 827?
-b8a
In base 4, what is -333223233 - -3030?
-333220203
In base 4, what is 3111000 - 10302?
3100032
In base 13, what is 0 - 372325b?
-372325b
In base 7, what is -13540623 + -210?
-13541133
In base 9, what is 111 - -1431512?
1431623
In base 12, what is -b92568 - 2?
-b9256a
In base 15, what is -5c86 - -aa?
-5bcb
In base 2, what is -1001011011 - 1111000111000010?
-1111010000011101
In base 10, what is -2 + -8569332?
-8569334
In base 2, what is 1000010010101000010011100 + -11?
1000010010101000010011001
In base 9, what is -14 + 1105165?
1105151
In base 12, what is 18b048 + -44?
18b004
In base 7, what is 105611142 - 5?
105611134
In base 15, what is -ee9b2 - 4?
-ee9b6
In base 3, what is 2 + -221010002210221?
-221010002210212
In base 4, what is 11 + 200120222331?
200120223002
In base 14, what is 0 + -2682168?
-2682168
In base 7, what is -2633155 - -55?
-2633100
In base 13, what is 283980 - 4a?
283933
In base 15, what is -bd87 - -50?
-bd37
In base 15, what is e - a07da5?
-a07d96